-2?
2
Let a(v) = -v**3 + 8*v**2 - 3*v - 2. List the prime factors of a(3).
2, 17
Let b be (-33)/5*(-30)/2. Suppose -4*w + b = -5. List the prime factors of w.
2, 13
Let q be 4/26 + (-268)/52. Let v = q + 11. List the prime factors of v.
2, 3
Suppose 0*f - 2*f + 133 = 3*r, -5*f - 5*r = -345. List the prime factors of f.
2, 37
Suppose u - 159 = 5*l, 4*u + l - 2*l = 674. Suppose -4*y + u = -7. What are the prime factors of y?
2, 11
Let b(s) = 2*s + 39. Let l be (1 + -3 - -2) + 0. List the prime factors of b(l).
3, 13
Let p be 3/(-12) + (-39)/(-12). What are the prime factors of (p - (2 - 2)) + 0?
3
Let p(k) = 4*k + 31. List the prime factors of p(13).
83
Let g = 12 - 8. Let t(h) = 3*h + 4. What are the prime factors of t(g)?
2
Suppose 0 = 2*v - 3*v + 33. What are the prime factors of v?
3, 11
Suppose -8*v = -4*v + 24. Let z = -2 - v. Suppose -5*t = -z*u - 29, 5*u = -5*t + 15 + 5. List the prime factors of t.
5
Let d = 23 - 19. What are the prime factors of d?
2
Let w(y) = y**2 + 4*y - 2. Let q be w(-6). Let l = 19 - q. List the prime factors of l.
3
Suppose -6*y + 54 = -5*y. What are the prime factors of y?
2, 3
Suppose y = -4*y - 4*t - 36, -5*t + 29 = -3*y. What are the prime factors of (15/2)/((-6)/y)?
2, 5
Let h(r) = -r**2 + 10*r - 12. Let c be h(8). Let s(q) = q**2 - 2*q + 9. What are the prime factors of s(c)?
17
Let u = -48 + 63. What are the prime factors of u?
3, 5
Let w(y) = 3*y - 3*y**2 + 6*y + 4*y**2 - 1. Let d be w(-9). Let l = d - -4. List the prime factors of l.
3
Let u(h) = 2*h - 8. Let d be u(5). Suppose -3*f - d + 18 = a, 3*a = 3*f + 72. What are the prime factors of a?
2, 11
Suppose 9*y = 14*y - 5, 2*y = -5*g + 1917. What are the prime factors of g?
383
Suppose 4*g = 3*m - 137, 0 = 4*m + m + 5*g - 170. What are the prime factors of m?
3, 13
Suppose -3*z + 5*z = 14. List the prime factors of z.
7
Let b = -7 - -9. Suppose c + 38 = b*c. Let q = c - 27. What are the prime factors of q?
11
Suppose 5*g - 145 = -4*a, -a + 58 = 2*g - 0*a. List the prime factors of g.
29
Let i(b) = 32*b - 2. Let h be ((-3)/(-6))/(3/6). List the prime factors of i(h).
2, 3, 5
Suppose 32*m + 275 = 37*m. List the prime factors of m.
5, 11
Let i(p) be the first derivative of 2*p**3/3 - 3*p**2/2 - p + 1. Let f = 3 - 0. List the prime factors of i(f).
2
Suppose 9*r - 4*r = 50. Let s = -7 + r. List the prime factors of s.
3
Suppose -3*x + 12 = -x. Suppose 0 = -h + x. List the prime factors of h.
2, 3
What are the prime factors of (-2)/(-8) - 621/(-92)?
7
Suppose -3*k + 0*k = -393. What are the prime factors of k?
131
Suppose 0*z - 19 = -5*z - 3*u, 5*u = -z - 5. Suppose 0 = z*q - 10. List the prime factors of (13*(1 - q))/(-1).
13
Let p(x) = x**3 - 12*x**2 - 11*x - 10. Let z be p(13). Suppose q = u + 2*q - 3, -4*q - z = -3*u. List the prime factors of u.
2
Let q(v) = v**2 - v - 2. Let n be q(3). Suppose 4*u = n*d - 52, 0*d = 4*d - 2*u - 52. What are the prime factors of d?
13
Suppose 15*y - 462 = -7*y. What are the prime factors of y?
3, 7
Let q be (-2 + -1 + 2)*-2. Let c(z) = z**3 + z**2 - 2*z + 2. List the prime factors of c(q).
2, 5
Let m(f) = -16*f**2 - 31*f - 19. Let b(r) = 3*r**2 + 6*r + 4. Let t(o) = 11*b(o) + 2*m(o). What are the prime factors of t(-5)?
11
Let v = 30 - 8. List the prime factors of v.
2, 11
Let w = 199 + -141. What are the prime factors of w?
2, 29
Let m(l) = l**2 + 9*l + 9. Let v be m(-6). Let k be (3 + -1)*v/(-6). Suppose k*i = 5*i - 4. What are the prime factors of i?
2
Let n be (11 - 11)/(-1 + 2). Suppose n = -15*o + 11*o + 12. List the prime factors of o.
3
Let o(n) = -39*n + 4. Let p be o(6). List the prime factors of 1/3 + p/(-30).
2
Suppose -3*u - 65 = -8*u. Suppose -u = -3*c - 1. List the prime factors of c.
2
Suppose 6*p - 108 = 510. What are the prime factors of p?
103
Suppose 0 = 16*p - 23*p + 539. List the prime factors of p.
7, 11
Suppose 4*o = -2*i + 232, -5 = i - 1. List the prime factors of o.
2, 3, 5
Let d be (-2 + 1)/((-2)/8). Suppose 20 = 5*f, 0*u + d*u - f - 52 = 0. List the prime factors of u.
2, 7
Let n(o) be the first derivative of o**4/4 - 4*o**3/3 + 2*o + 2. Let a be n(4). Suppose a*v - 2*f - 18 = -4*f, 0 = -5*v - 4*f + 44. List the prime factors of v.
2
Suppose -5*s - 4*b = 0, 4*s + 2*b - 5*b = 31. Suppose -4*p + 4 = -s. List the prime factors of p.
2
Let g(y) = 20*y**3 + y**2 - 8*y + 5. What are the prime factors of g(2)?
3, 17
Let k(x) be the second derivative of x**4/12 + 2*x**3/3 + 2*x**2 + 2*x. Let u be k(-4). Suppose u*c + 10 = 38. What are the prime factors of c?
7
Let k(m) = -m**3 - 12*m**2 - 10*m + 10. Let i be k(-11). What are the prime factors of i/(-2) - (-9)/2?
5
Let a be (10/6)/(1/6). List the prime factors of (a - 1) + (-5 - -6).
2, 5
Let h be 8*-1*9/12. Let a(x) = -6*x + 8. What are the prime factors of a(h)?
2, 11
Suppose -6*a + 82 + 470 = 0. What are the prime factors of a?
2, 23
Suppose -4*q + 85 = -115. Suppose 0*v + 2*v = q. List the prime factors of v.
5
Suppose 108 = -2*z + 5*z. List the prime factors of z.
2, 3
Let f = -6 - -8. List the prime factors of (f/(-4))/((-5)/70).
7
Let n(j) = 6*j**2 + j - 8. List the prime factors of n(3).
7
Suppose -15 = i + 4*i + 5*t, i + 3 = t. Let s = i + 2. List the prime factors of (20/(-12))/(s/3).
5
Let m be (2/3)/(12/18). List the prime factors of (m - 2) + 1 - -18.
2, 3
Let g be (-1)/((-2)/(-3) - 1). Let k = 9 + -4. Suppose -2*z = g*z + k*h - 10, z + 3*h = 0. What are the prime factors of z?
3
Let h = 101 + -70. List the prime factors of h.
31
What are the prime factors of (-786)/(-24)*(3 - -1)?
131
Let a(i) = 10*i + 11. List the prime factors of a(5).
61
Let t(f) = f. Let b(n) = n**2 + 6*n - 26. Let s(w) = -b(w) + 4*t(w). List the prime factors of s(0).
2, 13
Let j(t) = t**3 - 7*t**2 + 9*t - 5. What are the prime factors of j(6)?
13
Let c = 6 + -6. Suppose 20 = 2*l - c*l - 4*k, l - 4 = -k. List the prime factors of l.
2, 3
Let a be (-4 + 3)*(-72 - -1). Suppose -a + 6 = -5*d. What are the prime factors of d?
13
Let t = -29 - 61. Let o = -58 - t. List the prime factors of o.
2
Let t(u) = u**3 - 5*u - 6. List the prime factors of t(3).
2, 3
Suppose 8*p - 2*r + 64 = 3*p, 2*p + 26 = r. Let b = 5 - 13. Let z = b - p. List the prime factors of z.
2
Let u(o) = -4*o**3 - 6*o**2 - 11*o + 7. What are the prime factors of u(-5)?
2, 103
Suppose 4 = 4*w - 148. Let v = 1 + w. List the prime factors of v.
3, 13
Let r = 15 - 2. Let q(j) = -j + 3*j + j - r + 0*j. What are the prime factors of q(9)?
2, 7
List the prime factors of -41 + 132 - (1/(-1) + 5).
3, 29
List the prime factors of (78 + 14)*(-2)/(-4).
2, 23
List the prime factors of (4/4 + -2)*-49.
7
Suppose 0*u + 100 = 2*u. Suppose 5*z - u = -5*n, 0*z + 2 = -n + 5*z. List the prime factors of n.
2
Suppose -5*v + 230 = t, -2*t = 4*v - 4*t - 198. What are the prime factors of v?
47
Suppose 3*d = 2 - 5. Suppose 0 = -0*g + 6*g + 54. Let a = d - g. What are the prime factors of a?
2
Suppose -8*b + 4*b + 64 = 0. What are the prime factors of b?
2
Let y(t) = -2*t**3 + 2*t**2 - 2*t - 4. List the prime factors of y(-2).
2, 3
Suppose a + 1 = -3. Let z = a + 6. List the prime factors of z.
2
Let i(a) = -6*a + 5. Let f(c) = c**3 + 7*c**2 - 7*c + 4. Let k be f(-8). What are the prime factors of i(k)?
29
Let r(a) = -7*a**3 + 13 - a + 5*a**3 + 3*a**3. What are the prime factors of r(0)?
13
Let o(n) = -n**3 - n**2 + 5*n + 2. Let r be o(-3). Suppose -6 = r*u - 226. What are the prime factors of u?
2, 11
Let t = 14 - 4. List the prime factors of t.
2, 5
What are the prime factors of 1762/6 + (65/15 - 5)?
293
Let j be 2/(-9) - 520/9. What are the prime factors of (j/(-4))/(4/8)?
29
Let j(x) = 7*x + 2. Let u(h) = -h + 12. Let c be u(6). Let y be j(c). Suppose 5*w = 3*o - 7*o + 10, -4*w + y = -4*o. List the prime factors of w.
2, 3
Suppose 0*p = 4*p - 136. Let k = -24 + p. List the prime factors of k.
2, 5
Suppose -7*i = -9*i + 228. List the prime factors of i.
2, 3, 19
Let r = -3 + 11. Suppose -p + t + r = -t, 5 = -5*t. Suppose 4*d - p = 34. What are the prime factors of d?
2, 5
Let n be 3 + (-4 - -1) + 2. Suppose -n*g + 0 = -24. List the prime factors of g.
2, 3
Suppose -6*o = -o. Suppose 4*s + 68 = 3*p, -2*p + 34 = 3*s - o. What are the prime factors of p?
2, 5
Suppose 5*q - 1811 = -431. What are the prime factors of q?
2, 3,